{"id":1093,"date":"2021-03-05T01:27:39","date_gmt":"2021-03-05T01:27:39","guid":{"rendered":"http:\/\/lunares.laboralivros.com\/?page_id=1093"},"modified":"2021-03-05T01:27:42","modified_gmt":"2021-03-05T01:27:42","slug":"minicursos-virtuais","status":"publish","type":"page","link":"http:\/\/lunares.laboralivros.com\/?page_id=1093","title":{"rendered":"Minicursos Virtuais"},"content":{"rendered":"\n<p>Quer adquirir novas habilidade ou aprimorar de forma simples e sem deslocamento? Conhe\u00e7a algumas op\u00e7\u00f5es de minicursos virtuais<\/p>\n\n\n<div class=\"wc-block-grid wp-block-handpicked-products wc-block-handpicked-products has-2-columns has-multiple-rows has-aligned-buttons\"><ul class=\"wc-block-grid__products\"><li class=\"wc-block-grid__product\">\n\t\t\t\t<a href=\"http:\/\/lunares.laboralivros.com\/?product=minicurso-introducao-a-figura-humana\" class=\"wc-block-grid__product-link\">\n\t\t\t\t\t<div class=\"wc-block-grid__product-image\"><img width=\"300\" height=\"300\" src=\"https:\/\/i0.wp.com\/lunares.laboralivros.com\/wp-content\/uploads\/2021\/03\/minicurso-introducao-a-figura-humana.jpg?resize=300%2C300\" class=\"attachment-woocommerce_thumbnail size-woocommerce_thumbnail\" alt=\"\" loading=\"lazy\" srcset=\"https:\/\/i0.wp.com\/lunares.laboralivros.com\/wp-content\/uploads\/2021\/03\/minicurso-introducao-a-figura-humana.jpg?w=500 500w, https:\/\/i0.wp.com\/lunares.laboralivros.com\/wp-content\/uploads\/2021\/03\/minicurso-introducao-a-figura-humana.jpg?resize=300%2C300 300w, https:\/\/i0.wp.com\/lunares.laboralivros.com\/wp-content\/uploads\/2021\/03\/minicurso-introducao-a-figura-humana.jpg?resize=150%2C150 150w, https:\/\/i0.wp.com\/lunares.laboralivros.com\/wp-content\/uploads\/2021\/03\/minicurso-introducao-a-figura-humana.jpg?resize=75%2C75 75w, https:\/\/i0.wp.com\/lunares.laboralivros.com\/wp-content\/uploads\/2021\/03\/minicurso-introducao-a-figura-humana.jpg?resize=120%2C120 120w, https:\/\/i0.wp.com\/lunares.laboralivros.com\/wp-content\/uploads\/2021\/03\/minicurso-introducao-a-figura-humana.jpg?resize=105%2C105 105w, https:\/\/i0.wp.com\/lunares.laboralivros.com\/wp-content\/uploads\/2021\/03\/minicurso-introducao-a-figura-humana.jpg?resize=380%2C380 380w, https:\/\/i0.wp.com\/lunares.laboralivros.com\/wp-content\/uploads\/2021\/03\/minicurso-introducao-a-figura-humana.jpg?resize=285%2C285 285w, https:\/\/i0.wp.com\/lunares.laboralivros.com\/wp-content\/uploads\/2021\/03\/minicurso-introducao-a-figura-humana.jpg?resize=100%2C100 100w\" sizes=\"(max-width: 300px) 100vw, 300px\" \/><\/div>\n\t\t\t\t\t<div class=\"wc-block-grid__product-title\">Minicurso: introdu\u00e7\u00e3o \u00e0 figura humana<\/div>\n\t\t\t\t<\/a>\n\t\t\t\t\n\t\t\t\t<div class=\"wc-block-grid__product-price price\"><span class=\"woocommerce-Price-amount amount\"><bdi><span class=\"woocommerce-Price-currencySymbol\">&#82;&#36;<\/span>29,90<\/bdi><\/span><\/div>\n\t\t\t\t\n\t\t\t\t<div class=\"wp-block-button wc-block-grid__product-add-to-cart\"><a href=\"https:\/\/hotmart.com\/product\/curso-de-desenho-introducao-a-figura-humana\/T35219294U?sck=HOTMART_PRODUCT_PAGE\" aria-label=\"Fazer o curso!\" data-quantity=\"1\" data-product_id=\"1090\" data-product_sku=\"\" rel=\"nofollow\" class=\"wp-block-button__link add_to_cart_button\">Fazer o curso!<\/a><\/div>\n\t\t\t<\/li><li class=\"wc-block-grid__product\">\n\t\t\t\t<a href=\"http:\/\/lunares.laboralivros.com\/?product=minicurso-chibi\" class=\"wc-block-grid__product-link\">\n\t\t\t\t\t<div class=\"wc-block-grid__product-image\"><img width=\"300\" height=\"300\" src=\"https:\/\/i0.wp.com\/lunares.laboralivros.com\/wp-content\/uploads\/2021\/03\/aula-chibi-1.jpg?resize=300%2C300\" class=\"attachment-woocommerce_thumbnail size-woocommerce_thumbnail\" alt=\"\" loading=\"lazy\" srcset=\"https:\/\/i0.wp.com\/lunares.laboralivros.com\/wp-content\/uploads\/2021\/03\/aula-chibi-1.jpg?w=600 600w, https:\/\/i0.wp.com\/lunares.laboralivros.com\/wp-content\/uploads\/2021\/03\/aula-chibi-1.jpg?resize=300%2C300 300w, https:\/\/i0.wp.com\/lunares.laboralivros.com\/wp-content\/uploads\/2021\/03\/aula-chibi-1.jpg?resize=150%2C150 150w, https:\/\/i0.wp.com\/lunares.laboralivros.com\/wp-content\/uploads\/2021\/03\/aula-chibi-1.jpg?resize=75%2C75 75w, https:\/\/i0.wp.com\/lunares.laboralivros.com\/wp-content\/uploads\/2021\/03\/aula-chibi-1.jpg?resize=120%2C120 120w, https:\/\/i0.wp.com\/lunares.laboralivros.com\/wp-content\/uploads\/2021\/03\/aula-chibi-1.jpg?resize=105%2C105 105w, https:\/\/i0.wp.com\/lunares.laboralivros.com\/wp-content\/uploads\/2021\/03\/aula-chibi-1.jpg?resize=570%2C570 570w, https:\/\/i0.wp.com\/lunares.laboralivros.com\/wp-content\/uploads\/2021\/03\/aula-chibi-1.jpg?resize=380%2C380 380w, https:\/\/i0.wp.com\/lunares.laboralivros.com\/wp-content\/uploads\/2021\/03\/aula-chibi-1.jpg?resize=285%2C285 285w, https:\/\/i0.wp.com\/lunares.laboralivros.com\/wp-content\/uploads\/2021\/03\/aula-chibi-1.jpg?resize=100%2C100 100w\" sizes=\"(max-width: 300px) 100vw, 300px\" \/><\/div>\n\t\t\t\t\t<div class=\"wc-block-grid__product-title\">Minicurso: Chibi<\/div>\n\t\t\t\t<\/a>\n\t\t\t\t\n\t\t\t\t<div class=\"wc-block-grid__product-price price\"><span class=\"woocommerce-Price-amount amount\"><bdi><span class=\"woocommerce-Price-currencySymbol\">&#82;&#36;<\/span>19,90<\/bdi><\/span><\/div>\n\t\t\t\t\n\t\t\t\t<div class=\"wp-block-button wc-block-grid__product-add-to-cart\"><a href=\"https:\/\/hotmart.com\/product\/chibi\/T35262042X\" aria-label=\"Fazer o curso!\" data-quantity=\"1\" data-product_id=\"1088\" data-product_sku=\"\" rel=\"nofollow\" class=\"wp-block-button__link add_to_cart_button\">Fazer o curso!<\/a><\/div>\n\t\t\t<\/li><\/ul><\/div><!-- AddThis Advanced Settings generic via filter on the_content --><!-- AddThis Share Buttons generic via filter on the_content -->","protected":false},"excerpt":{"rendered":"<p>Quer adquirir novas habilidade ou aprimorar de forma simples e sem deslocamento? Conhe\u00e7a algumas op\u00e7\u00f5es de minicursos virtuais<!-- AddThis Advanced Settings generic via filter on get_the_excerpt --><!-- AddThis Share Buttons generic via filter on get_the_excerpt --><\/p>\n","protected":false},"author":1,"featured_media":0,"parent":0,"menu_order":0,"comment_status":"closed","ping_status":"closed","template":"","meta":{"_EventAllDay":false,"_EventTimezone":"","_EventStartDate":"","_EventEndDate":"","_EventStartDateUTC":"","_EventEndDateUTC":"","_EventShowMap":false,"_EventShowMapLink":false,"_EventURL":"","_EventCost":"","_EventCostDescription":"","_EventCurrencySymbol":"","_EventCurrencyPosition":"","_EventDateTimeSeparator":"","_EventTimeRangeSeparator":"","_EventOrganizerID":[],"_EventVenueID":0,"_OrganizerEmail":"","_OrganizerPhone":"","_OrganizerWebsite":"","_VenueAddress":"","_VenueCity":"","_VenueCountry":"","_VenueProvince":"","_VenueZip":"","_VenuePhone":"","_VenueURL":"","_VenueStateProvince":"","_VenueLat":"","_VenueLng":"","spay_email":""},"jetpack_sharing_enabled":true,"jetpack_shortlink":"https:\/\/wp.me\/PaxjFD-hD","jetpack_likes_enabled":true,"_links":{"self":[{"href":"http:\/\/lunares.laboralivros.com\/index.php?rest_route=\/wp\/v2\/pages\/1093"}],"collection":[{"href":"http:\/\/lunares.laboralivros.com\/index.php?rest_route=\/wp\/v2\/pages"}],"about":[{"href":"http:\/\/lunares.laboralivros.com\/index.php?rest_route=\/wp\/v2\/types\/page"}],"author":[{"embeddable":true,"href":"http:\/\/lunares.laboralivros.com\/index.php?rest_route=\/wp\/v2\/users\/1"}],"replies":[{"embeddable":true,"href":"http:\/\/lunares.laboralivros.com\/index.php?rest_route=%2Fwp%2Fv2%2Fcomments&post=1093"}],"version-history":[{"count":1,"href":"http:\/\/lunares.laboralivros.com\/index.php?rest_route=\/wp\/v2\/pages\/1093\/revisions"}],"predecessor-version":[{"id":1094,"href":"http:\/\/lunares.laboralivros.com\/index.php?rest_route=\/wp\/v2\/pages\/1093\/revisions\/1094"}],"wp:attachment":[{"href":"http:\/\/lunares.laboralivros.com\/index.php?rest_route=%2Fwp%2Fv2%2Fmedia&parent=1093"}],"curies":[{"name":"wp","href":"https:\/\/api.w.org\/{rel}","templated":true}]}}