{"id":277,"date":"2021-03-03T20:27:17","date_gmt":"2021-03-03T20:27:17","guid":{"rendered":"http:\/\/lunares.laboralivros.com\/?page_id=277"},"modified":"2021-03-04T02:12:17","modified_gmt":"2021-03-04T02:12:17","slug":"papelaria","status":"publish","type":"page","link":"http:\/\/lunares.laboralivros.com\/?page_id=277","title":{"rendered":"Papelaria e Encaderna\u00e7\u00e3o"},"content":{"rendered":"\n<p>A paix\u00e3o pelos produtos de papelaria \u00e9 algo presente desde adolesc\u00eancia, e ap\u00f3s um maior contato com livros&nbsp;surgiu o interesse e gosto de produzir cadernos e marcadores de livro artesanais, unindo o trabalho de ilustra\u00e7\u00e3o e serigrafia com a papelaria.&nbsp;No ano de 2017, uma linha de cadernos em espiral carrega a estampa exclusiva \u201cYoukai\u201d inspirada nas lendas japonesas, trazendo uma estampa dividida em quatro partes.<\/p>\n\n\n\n<p>\u200bMesmo as estampas de tecidos industriais s\u00e3o adquiridas em lojas de \u201cretalhos\u201d, ou seja, s\u00e3o tecidos que j\u00e1 n\u00e3o existem dispon\u00edveis \u00e0 venda em grande escala, fazendo assim com que sejam produtos especiais.<\/p>\n\n\n\n<p>\u200bNossos cadernos s\u00e3o feitos de forma simples e apresentam as seguintes caracter\u00edsticas:<br><\/p>\n\n\n\n<ul><li>S\u00e3o artesanais e feitos em pequena escala (alguns, n\u00e3o possuem mais de 2 exemplares com mesma estampa)<\/li><li>Temos 2 op\u00e7\u00f5es de folhas: lisas (em v\u00e1rias cores) e quadriculadas, para estudantes de japon\u00eas.<\/li><li>S\u00e3o levemente aromatizados, tanto os cadernos quanto os marcadores<\/li><\/ul>\n\n\n<div class=\"wc-block-grid wp-block-handpicked-products wc-block-handpicked-products has-1-columns has-multiple-rows\"><ul class=\"wc-block-grid__products\"><li class=\"wc-block-grid__product\">\n\t\t\t\t<a href=\"http:\/\/lunares.laboralivros.com\/?product=minicurso-encadernacao-japonesa\" class=\"wc-block-grid__product-link\">\n\t\t\t\t\t<div class=\"wc-block-grid__product-image\"><img width=\"300\" height=\"300\" src=\"https:\/\/i2.wp.com\/lunares.laboralivros.com\/wp-content\/uploads\/2021\/03\/produto-encaderna\u00e7\u00e3o-japonesa.jpg?resize=300%2C300\" class=\"attachment-woocommerce_thumbnail size-woocommerce_thumbnail\" alt=\"\" loading=\"lazy\" srcset=\"https:\/\/i2.wp.com\/lunares.laboralivros.com\/wp-content\/uploads\/2021\/03\/produto-encaderna\u00e7\u00e3o-japonesa.jpg?w=500 500w, https:\/\/i2.wp.com\/lunares.laboralivros.com\/wp-content\/uploads\/2021\/03\/produto-encaderna\u00e7\u00e3o-japonesa.jpg?resize=150%2C150 150w, https:\/\/i2.wp.com\/lunares.laboralivros.com\/wp-content\/uploads\/2021\/03\/produto-encaderna\u00e7\u00e3o-japonesa.jpg?resize=300%2C300 300w, https:\/\/i2.wp.com\/lunares.laboralivros.com\/wp-content\/uploads\/2021\/03\/produto-encaderna\u00e7\u00e3o-japonesa.jpg?resize=120%2C120 120w, https:\/\/i2.wp.com\/lunares.laboralivros.com\/wp-content\/uploads\/2021\/03\/produto-encaderna\u00e7\u00e3o-japonesa.jpg?resize=105%2C105 105w, https:\/\/i2.wp.com\/lunares.laboralivros.com\/wp-content\/uploads\/2021\/03\/produto-encaderna\u00e7\u00e3o-japonesa.jpg?resize=380%2C380 380w, https:\/\/i2.wp.com\/lunares.laboralivros.com\/wp-content\/uploads\/2021\/03\/produto-encaderna\u00e7\u00e3o-japonesa.jpg?resize=285%2C285 285w, https:\/\/i2.wp.com\/lunares.laboralivros.com\/wp-content\/uploads\/2021\/03\/produto-encaderna\u00e7\u00e3o-japonesa.jpg?resize=100%2C100 100w\" sizes=\"(max-width: 300px) 100vw, 300px\" \/><\/div>\n\t\t\t\t\t<div class=\"wc-block-grid__product-title\">Minicurso: encaderna\u00e7\u00e3o japonesa<\/div>\n\t\t\t\t<\/a>\n\t\t\t\t\n\t\t\t\t<div class=\"wc-block-grid__product-price price\"><span class=\"woocommerce-Price-amount amount\"><bdi><span class=\"woocommerce-Price-currencySymbol\">&#82;&#36;<\/span>80,00<\/bdi><\/span><\/div>\n\t\t\t\t\n\t\t\t\t<div class=\"wp-block-button wc-block-grid__product-add-to-cart\"><a href=\"http:\/\/lunares.laboralivros.com\/?product=minicurso-encadernacao-japonesa\" aria-label=\"Selecione as op\u00e7\u00f5es para &ldquo;Minicurso: encaderna\u00e7\u00e3o japonesa&rdquo;\" data-quantity=\"1\" data-product_id=\"324\" data-product_sku=\"\" rel=\"nofollow\" class=\"wp-block-button__link add_to_cart_button\">Ver op\u00e7\u00f5es<\/a><\/div>\n\t\t\t<\/li><\/ul><\/div><!-- AddThis Advanced Settings generic via filter on the_content --><!-- AddThis Share Buttons generic via filter on the_content -->","protected":false},"excerpt":{"rendered":"<p>A paix\u00e3o pelos produtos de papelaria \u00e9 algo presente desde adolesc\u00eancia, e ap\u00f3s um maior contato com livros&nbsp;surgiu o interesse e gosto de produzir cadernos e marcadores de livro artesanais, unindo o trabalho de ilustra\u00e7\u00e3o e serigrafia com a papelaria.&nbsp;No ano de 2017, uma linha de cadernos em espiral carrega a estampa exclusiva \u201cYoukai\u201d inspirada<\/p>\n<p class=\"more-link\"><a href=\"http:\/\/lunares.laboralivros.com\/?page_id=277\" class=\"themebutton\">Read More<\/a><\/p>\n<p><!-- AddThis Advanced Settings generic via filter on get_the_excerpt --><!-- AddThis Share Buttons generic via filter on get_the_excerpt --><\/p>\n","protected":false},"author":1,"featured_media":187,"parent":0,"menu_order":0,"comment_status":"closed","ping_status":"closed","template":"","meta":{"_EventAllDay":false,"_EventTimezone":"","_EventStartDate":"","_EventEndDate":"","_EventStartDateUTC":"","_EventEndDateUTC":"","_EventShowMap":false,"_EventShowMapLink":false,"_EventURL":"","_EventCost":"","_EventCostDescription":"","_EventCurrencySymbol":"","_EventCurrencyPosition":"","_EventDateTimeSeparator":"","_EventTimeRangeSeparator":"","_EventOrganizerID":[],"_EventVenueID":0,"_OrganizerEmail":"","_OrganizerPhone":"","_OrganizerWebsite":"","_VenueAddress":"","_VenueCity":"","_VenueCountry":"","_VenueProvince":"","_VenueZip":"","_VenuePhone":"","_VenueURL":"","_VenueStateProvince":"","_VenueLat":"","_VenueLng":"","spay_email":""},"jetpack_sharing_enabled":true,"jetpack_shortlink":"https:\/\/wp.me\/PaxjFD-4t","jetpack_likes_enabled":true,"_links":{"self":[{"href":"http:\/\/lunares.laboralivros.com\/index.php?rest_route=\/wp\/v2\/pages\/277"}],"collection":[{"href":"http:\/\/lunares.laboralivros.com\/index.php?rest_route=\/wp\/v2\/pages"}],"about":[{"href":"http:\/\/lunares.laboralivros.com\/index.php?rest_route=\/wp\/v2\/types\/page"}],"author":[{"embeddable":true,"href":"http:\/\/lunares.laboralivros.com\/index.php?rest_route=\/wp\/v2\/users\/1"}],"replies":[{"embeddable":true,"href":"http:\/\/lunares.laboralivros.com\/index.php?rest_route=%2Fwp%2Fv2%2Fcomments&post=277"}],"version-history":[{"count":2,"href":"http:\/\/lunares.laboralivros.com\/index.php?rest_route=\/wp\/v2\/pages\/277\/revisions"}],"predecessor-version":[{"id":346,"href":"http:\/\/lunares.laboralivros.com\/index.php?rest_route=\/wp\/v2\/pages\/277\/revisions\/346"}],"wp:featuredmedia":[{"embeddable":true,"href":"http:\/\/lunares.laboralivros.com\/index.php?rest_route=\/wp\/v2\/media\/187"}],"wp:attachment":[{"href":"http:\/\/lunares.laboralivros.com\/index.php?rest_route=%2Fwp%2Fv2%2Fmedia&parent=277"}],"curies":[{"name":"wp","href":"https:\/\/api.w.org\/{rel}","templated":true}]}}